ivisor of y and 36?
9
Suppose -2*x = 5*j - 85, 3*x + 9 = 4*j + 79. Calculate the greatest common divisor of x and 45.
15
Let o = -29 + 19. Let y = 32 + -17. Let k = o + y. Calculate the highest common factor of k and 1.
1
Let b = 88 + -84. Suppose -x + 4 = 3. What is the greatest common factor of x and b?
1
Let m(f) = -2*f - 5. Let s be m(-6). Suppose -4*l - o = -51, -o = 4*l - 6*l + 33. Calculate the greatest common divisor of l and s.
7
Let s be (-3496)/(-575) - 2/25. Suppose -4*k + 0*k + 24 = 0. What is the highest common divisor of k and s?
6
Let r be 8 + (-1 + -4 - -5). Calculate the highest common factor of r and 24.
8
Suppose -1880 = -n - 4*n + 2*o, -o + 1865 = 5*n. What is the highest common divisor of n and 34?
34
Let j = 101 - 71. Let x = -19 - -25. What is the highest common divisor of j and x?
6
Let m be (-46)/(-8) - 3/4. What is the greatest common divisor of 15 and m?
5
Suppose 0 = -3*h + h + 42. Suppose -142 - 5 = -7*t. What is the highest common divisor of h and t?
21
Suppose -5*s = -2*j - 4 - 8, -3*j + 4*s = 4. Let w = 105 - 69. What is the greatest common divisor of w and j?
4
Suppose -2*k = -18 - 66. What is the greatest common factor of k and 12?
6
Let p(d) = -d**3 + 8*d**2 - 6*d + 5. Let t be p(4). Let o = -525 + 530. Calculate the highest common divisor of t and o.
5
Let d(b) = b + 21. Let a be d(-16). Calculate the greatest common factor of a and 45.
5
Suppose 3*x - 131 = 5*k + 764, 0 = 3*x + 3*k - 855. Suppose h - x = -4*u - 53, 0 = -4*u + 5*h + 255. What is the greatest common divisor of u and 15?
15
Suppose 0 = 4*h - 0*j - j - 703, 5*h = j + 879. Suppose f - h = -3*f. Suppose 8 = q + q, -2*y + 20 = 3*q. What is the greatest common factor of y and f?
4
Let m(i) = i + 19. Let c be m(-15). Calculate the highest common divisor of c and 4.
4
Let k be 5*(3 + (-2)/(-1)). Suppose 2*j - j = 2*s + 2, 4*j - 8 = -4*s. Suppose 4*m = 2*n + 18, 3 = m - 0*m - j*n. What is the highest common divisor of k and m?
5
Let q = 18 - -17. Let x be 161/21 - 6/9. What is the greatest common factor of q and x?
7
Let f be (((-64)/12)/(-8))/((-3)/(-225)). What is the greatest common factor of f and 10?
10
Suppose 64 = 5*f - 56. Let x be 1 + 117/2 - (-8)/16. What is the highest common factor of x and f?
12
Let k(c) be the first derivative of 5*c**3/3 - 3*c + 2. Let t be k(4). What is the highest common divisor of t and 7?
7
Suppose -m + 5*b = -415, -4*m - 2*b + 1677 = -5*b. Calculate the greatest common factor of m and 42.
42
Let p be (-1 + 2)*(-4 + 6). Calculate the greatest common divisor of 3 and p.
1
Let y(f) = -f**3 - 3*f**2 + 6*f - 5. Let v be y(-5). Let q(j) = -22*j**3 - 4*j**2 - 5*j - 5. Let i be q(-2). Calculate the highest common divisor of v and i.
15
Let w(o) = o + 4. Let d(k) = -k - 3. Let q(i) = 5*d(i) + 4*w(i). Let z be q(5). Let j be 25/35 + z/(-14). What is the greatest common divisor of j and 3?
1
Let o(k) = k**3 + 10. Let f be o(0). Suppose -5*c = -c + 3*i - f, -4*i = 8. Let w(r) = r + 11. Let s be w(-10). Calculate the greatest common factor of c and s.
1
Let d = -5 - 0. Let q = d - -35. Calculate the highest common divisor of q and 120.
30
Let o(m) = m**3 - 4*m**2 + 2*m + 1. Let h be o(5). Calculate the highest common factor of 4 and h.
4
Suppose -7*a + 108 = -11. Calculate the highest common divisor of a and 119.
17
Let v be 2/4*(-2 - -58). Calculate the highest common divisor of v and 84.
28
Let l = 17 + -97. Let v be (l/(-6))/((-3)/(-9)). What is the greatest common factor of 8 and v?
8
Let d be 1/(-4) + (-410)/(-40). Let m = 27 - d. Calculate the highest common divisor of m and 85.
17
Let h = -9 - -20. Let f = h + 25. Calculate the highest common divisor of 9 and f.
9
Suppose 0*b = -4*b + 8, -4*b = -2*n + 118. What is the greatest common factor of 7 and n?
7
Let b = 352 - 192. Calculate the greatest common divisor of 20 and b.
20
Suppose 12 = -3*k + 7*k. Suppose -5*b + 0*o + 115 = 2*o, 4*o - 55 = -k*b. Calculate the highest common factor of 5 and b.
5
Suppose -28 = 4*z + 2*j - 150, 0 = 3*j + 15. Suppose 5*v = x + 53, -4*v + 42 = -0*v - x. Calculate the highest common divisor of z and v.
11
Let s = 8 + 2. Let q(t) = t - 1. Let p be q(s). Suppose -5*n + 154 = -26. What is the highest common divisor of p and n?
9
Let i be (-4)/(-22) + (-194)/(-22). Let v = i - 5. Calculate the greatest common divisor of v and 28.
4
Let t(b) = b**2 - 9*b + 4. Let y be t(9). Suppose -u + 2*u + 7 = 4*l, -y*l + 22 = 2*u. What is the greatest common factor of 25 and u?
5
Let x(f) = -f + 1. Let g be x(3). Let q = g - 0. Let m be 4 - -1 - (-2 - q). Calculate the highest common divisor of 15 and m.
5
Let f be 1 + (4 - 2) + -5. Let q be ((-2)/4 + -1)*f. Suppose -2*y + q*u = -u - 30, -5*u + 12 = 3*y. Calculate the highest common divisor of 36 and y.
9
Let t = 109 - 88. Suppose -5*l + 1466 = 311. What is the highest common factor of t and l?
21
Let c = 382 - 240. Let q = c + -86. Calculate the greatest common factor of 7 and q.
7
Let w(v) = v**3 + 10*v**2 + v + 11. Let u be w(-10). Let p = 5 + u. What is the greatest common factor of 54 and p?
6
Let w be 1/4 - 189/(-28). Calculate the highest common divisor of w and 28.
7
Let m be (-33)/(-12) + (-5)/(-20). Calculate the highest common factor of m and 3.
3
Let w(y) = -y**3 - 10*y**2 - 10*y - 1. Let q be w(-9). Suppose 0 = 3*z + z. Suppose -q = -z*o - o. What is the greatest common divisor of 12 and o?
4
Suppose -2*i + 26 = -0*i. Let g = 12 + 19. Let m = 8 + g. What is the greatest common factor of m and i?
13
Suppose -298 = -3*w - 28. Calculate the highest common factor of 10 and w.
10
Let w(q) = -q**3 - 2*q**2 + 2*q - 1. Let s be w(-3). Let p = 11 - s. Let m be (6 - (2 - -3)) + -1 + 45. What is the greatest common divisor of m and p?
9
Let v = -60 + 87. Suppose 0 = 3*p - d - v + 8, 4*p + d - 37 = 0. Let c = 51 - 27. What is the greatest common divisor of p and c?
8
Suppose 4*q = -3*m + 4*m - 142, -3*q = 12. Let k = m - 70. Calculate the highest common divisor of 7 and k.
7
Suppose 3*d = u - 2 + 4, -5*u - 4*d + 85 = 0. Let s be ((-3)/2 + 2)*12. Let x be (208/s)/(5/15). Calculate the highest common factor of x and u.
13
Let s(p) = -p**3 + 2*p**2 - 2*p + 3. Let y be s(2). Let i be y/2*2/1. Let t(m) = -4*m + 1. Let v be t(i). Calculate the highest common divisor of 5 and v.
5
Suppose -5*s + d + 48 = 8, 5*d + 2 = 3*s. Suppose w = 5*b + 23, 5*b + 26 = -2*w + 4*w. Calculate the greatest common divisor of w and s.
3
Suppose 8*t + 17 = 289. What is the greatest common factor of t and 17?
17
Let w(l) = -l**3 - 6*l**2 - 6*l. Let s be w(-5). Suppose -4*b + 470 = a, -b - s*a + 478 = 3*b. What is the highest common factor of b and 13?
13
Let p be ((-44)/10)/(4/(-10)). Let s = -3 + p. Let u be (-6)/(-2)*80/6. What is the greatest common divisor of s and u?
8
Let r be ((-18)/(-12))/((-9)/(-6)). Let z be (12/(-10))/(9/(-30)). What is the highest common factor of r and z?
1
Suppose -2*x = -0*x + 5*s + 15, 0 = 3*s + 15. Let p = 15 + x. Calculate the highest common factor of 8 and p.
4
Let q(z) = -z**3 + 10*z**2 - 6*z + 7. Let f be q(9). Let m be ((-2)/(-4))/((-3)/(-42)). Let x = 24 - m. What is the highest common factor of f and x?
17
Let s be (-39)/(-18) + 1/(-6). Suppose -g = s - 5. Suppose 4*p + 26 + 0 = 5*t, -3*p = 3*t - 21. Calculate the greatest common factor of t and g.
3
Suppose 4*t - 2*b + 21 = 7, 3*t - 5*b = -28. Suppose 0 = -5*l + 208 + 347. Let v be (-3 - -2)*t + l. Calculate the greatest common factor of v and 14.
14
Let z be ((-42)/(-8))/(6/(-24)). Let k = 0 - z. What is the highest common divisor of 7 and k?
7
Let m(q) = -4 + 4 - 2*q + 2 + 3*q**2 + 0. Let t be m(4). Calculate the greatest common factor of t and 28.
14
Let x(w) = -w**3 + 8*w**2 - 2*w + 5. Let c be x(7). Calculate the highest common divisor of c and 320.
40
Let v be ((-32)/(-6))/((-3)/(-9)). Let k be (-4)/(-8) + 35/10. What is the highest common factor of v and k?
4
Let v(o) = -9*o - 9. Let b be (-9)/(-2)*24/(-18). Let n be v(b). What is the highest common factor of n and 5?
5
Suppose -4*f + 52 = 4*l, 5*f - 3*f + 5*l = 26. Suppose -6*u = -1 - 5. Let v(z) = 25*z**3 + z. Let x be v(u). Calculate the greatest common divisor of x and f.
13
Let k be (-2)/(-5) - 567/(-45). Calculate the greatest common factor of 13 and k.
13
Let c = 8 + 72. Wha